{"id":5275,"date":"2014-05-24T13:51:08","date_gmt":"2014-05-24T13:51:08","guid":{"rendered":"http:\/\/wpresidence.net\/?page_id=9"},"modified":"2022-03-10T13:49:18","modified_gmt":"2022-03-10T13:49:18","slug":"termos-de-utilizacao","status":"publish","type":"page","link":"https:\/\/www.eclar.pt\/?page_id=5275","title":{"rendered":"Termos de utiliza\u00e7\u00e3o"},"content":{"rendered":"<p>Esta Pol\u00edtica de Privacidade<\/p>\n<p>Informa\u00e7\u00f5es de identifica\u00e7\u00e3o pessoal<\/p>\n<p>Informa\u00e7\u00e3o de identifica\u00e7\u00e3o n\u00e3o pessoal<\/p>\n<p>Cookies<\/p>\n<p>Como protegemos suas informa\u00e7\u00f5es<\/p>\n<p>Compartilhando suas informa\u00e7\u00f5es pessoais<\/p>\n<p>Mudan\u00e7as nesta pol\u00edtica de privacidade<\/p>\n","protected":false},"excerpt":{"rendered":"<p>Esta Pol\u00edtica de Privacidade Informa\u00e7\u00f5es de identifica\u00e7\u00e3o pessoal Informa\u00e7\u00e3o de identifica\u00e7\u00e3o n\u00e3o pessoal Cookies Como protegemos suas informa\u00e7\u00f5es Compartilhando suas informa\u00e7\u00f5es pessoais Mudan\u00e7as nesta pol\u00edtica de privacidade<\/p>\n","protected":false},"author":1,"featured_media":0,"parent":0,"menu_order":0,"comment_status":"closed","ping_status":"closed","template":"terms_conditions.php","meta":{"_monsterinsights_skip_tracking":false,"_monsterinsights_sitenote_active":false,"_monsterinsights_sitenote_note":"","_monsterinsights_sitenote_category":0,"footnotes":""},"class_list":["post-5275","page","type-page","status-publish","hentry"],"aioseo_notices":[],"_links":{"self":[{"href":"https:\/\/www.eclar.pt\/index.php?rest_route=\/wp\/v2\/pages\/5275","targetHints":{"allow":["GET"]}}],"collection":[{"href":"https:\/\/www.eclar.pt\/index.php?rest_route=\/wp\/v2\/pages"}],"about":[{"href":"https:\/\/www.eclar.pt\/index.php?rest_route=\/wp\/v2\/types\/page"}],"author":[{"embeddable":true,"href":"https:\/\/www.eclar.pt\/index.php?rest_route=\/wp\/v2\/users\/1"}],"replies":[{"embeddable":true,"href":"https:\/\/www.eclar.pt\/index.php?rest_route=%2Fwp%2Fv2%2Fcomments&post=5275"}],"version-history":[{"count":2,"href":"https:\/\/www.eclar.pt\/index.php?rest_route=\/wp\/v2\/pages\/5275\/revisions"}],"predecessor-version":[{"id":19448,"href":"https:\/\/www.eclar.pt\/index.php?rest_route=\/wp\/v2\/pages\/5275\/revisions\/19448"}],"wp:attachment":[{"href":"https:\/\/www.eclar.pt\/index.php?rest_route=%2Fwp%2Fv2%2Fmedia&parent=5275"}],"curies":[{"name":"wp","href":"https:\/\/api.w.org\/{rel}","templated":true}]}}

Termos de utilização

<p>Esta Política de Privacidade</p>
<p>Informações de identificação pessoal</p>
<p>Informação de identificação não pessoal</p>
<p>Cookies</p>
<p>Como protegemos suas informações</p>
<p>Compartilhando suas informações pessoais</p>
<p>Mudanças nesta política de privacidade</p>

<p>Esta Política de Privacidade Informações de identificação pessoal Informação de identificação não pessoal Cookies Como protegemos suas informações Compartilhando suas informações pessoais Mudanças nesta política de privacidade</p>
